{"id":391,"date":"2025-11-13T17:13:25","date_gmt":"2025-11-13T16:13:25","guid":{"rendered":"https:\/\/rosalistemr.de\/?post_type=tribe_events&#038;p=391"},"modified":"2025-11-13T17:14:51","modified_gmt":"2025-11-13T16:14:51","slug":"leonie-plaar-liest-aus-ihrem-buch-meine-familie-die-afd-und-ich","status":"publish","type":"tribe_events","link":"https:\/\/rosalistemr.de\/en\/event\/leonie-plaar-liest-aus-ihrem-buch-meine-familie-die-afd-und-ich\/","title":{"rendered":"Leonie Plaar liest aus ihrem Buch \u201eMeine Familie, die AfD und ich\u201c"},"content":{"rendered":"<p>Leonie Plaar auch bekannt als \u201eFrau L\u00f6wenherz\u201c<br \/>\nMeine Familie, die AFD und ich &#8211; Lesetour 25\/26<br \/>\nDonnerstag 20.11. 2025<\/p>\n<p>Leonie ist queer, politische Aktivistin, Historikerin \u2013 und Tochter eines AfD-Mitglieds. Tats\u00e4chlich w\u00e4hlen fast alle ihrer nahen Verwandten die Alternative f\u00fcr Deutschland. Bis sie die Rei\u00dfleine zog und den Kontakt abbrach, hat sie deren Radikalisierungsprozess also hautnah miterlebt. Sie hatte einen Platz in der ersten Reihe bei Gespr\u00e4chen zwischen AfDler*innen, die dachten, sie w\u00e4ren unter sich. \u00dcber Jahre hinweg hat sie zugeh\u00f6rt, analysiert, mitdiskutiert. Vor allem aber musste sie erleben, wie es sich anf\u00fchlt, wenn der eigene Vater Teil einer Bewegung wird, die sich gegen alle Werte richtet, die Leonie verk\u00f6rpert.<\/p>\n<p>Wie es ihr damit ergangen ist erz\u00e4hlt sie uns am Donnerstag den 20.11.2025 ab 20 Uhr in einer kostenlosen Lesung im Kleinen Tasch des Theater am Schwanhof in Marburg.<\/p>\n<p class=\"prh-font-fort prh-font-lg prh-leading-relaxed font-regular\">Theater am Schwanhof<br \/>\nAm Schwanhof 68-72<br \/>\n35037 Marburg<\/p>\n<p>Einlass: 19:30 Uhr<br \/>\nBeginn: 20:00 Uhr<br \/>\nEintritt frei<\/p>\n<p>&nbsp;<\/p>\n<p>&nbsp;<\/p>\n<p>&nbsp;<\/p>","protected":false},"excerpt":{"rendered":"<p>Leonie Plaar auch bekannt als \u201eFrau L\u00f6wenherz\u201c Meine Familie, die AFD und ich &#8211; Lesetour 25\/26 Donnerstag 20.11. 2025 Leonie ist queer, politische Aktivistin, Historikerin \u2013 und Tochter eines AfD-Mitglieds. [&hellip;]<\/p>","protected":false},"author":4,"featured_media":384,"template":"","meta":{"_crdt_document":"","_uag_custom_page_level_css":"","_tribe_events_status":"","_tribe_events_status_reason":"","footnotes":""},"tags":[],"tribe_events_cat":[],"class_list":["post-391","tribe_events","type-tribe_events","status-publish","has-post-thumbnail","hentry"],"uagb_featured_image_src":{"full":["https:\/\/rosalistemr.de\/wp-content\/uploads\/2025\/11\/Cover_Leonie-Plaar_Meine-Familie-die-AfD-und-ich.jpg",1606,2539,false],"thumbnail":["https:\/\/rosalistemr.de\/wp-content\/uploads\/2025\/11\/Cover_Leonie-Plaar_Meine-Familie-die-AfD-und-ich-150x150.jpg",150,150,true],"medium":["https:\/\/rosalistemr.de\/wp-content\/uploads\/2025\/11\/Cover_Leonie-Plaar_Meine-Familie-die-AfD-und-ich-190x300.jpg",190,300,true],"medium_large":["https:\/\/rosalistemr.de\/wp-content\/uploads\/2025\/11\/Cover_Leonie-Plaar_Meine-Familie-die-AfD-und-ich-768x1214.jpg",580,917,true],"large":["https:\/\/rosalistemr.de\/wp-content\/uploads\/2025\/11\/Cover_Leonie-Plaar_Meine-Familie-die-AfD-und-ich-648x1024.jpg",580,917,true],"1536x1536":["https:\/\/rosalistemr.de\/wp-content\/uploads\/2025\/11\/Cover_Leonie-Plaar_Meine-Familie-die-AfD-und-ich-972x1536.jpg",972,1536,true],"2048x2048":["https:\/\/rosalistemr.de\/wp-content\/uploads\/2025\/11\/Cover_Leonie-Plaar_Meine-Familie-die-AfD-und-ich-1295x2048.jpg",1295,2048,true],"trp-custom-language-flag":["https:\/\/rosalistemr.de\/wp-content\/uploads\/2025\/11\/Cover_Leonie-Plaar_Meine-Familie-die-AfD-und-ich-8x12.jpg",8,12,true],"post-thumbnail":["https:\/\/rosalistemr.de\/wp-content\/uploads\/2025\/11\/Cover_Leonie-Plaar_Meine-Familie-die-AfD-und-ich-1200x1897.jpg",1200,1897,true],"twentytwenty-fullscreen":["https:\/\/rosalistemr.de\/wp-content\/uploads\/2025\/11\/Cover_Leonie-Plaar_Meine-Familie-die-AfD-und-ich.jpg",1606,2539,false]},"uagb_author_info":{"display_name":"Viktoria Ehrke","author_link":"https:\/\/rosalistemr.de\/en\/author\/vi\/"},"uagb_comment_info":0,"uagb_excerpt":"Leonie Plaar auch bekannt als \u201eFrau L\u00f6wenherz\u201c Meine Familie, die AFD und ich &#8211; Lesetour 25\/26 Donnerstag 20.11. 2025 Leonie ist queer, politische Aktivistin, Historikerin \u2013 und Tochter eines AfD-Mitglieds. [&hellip;]","_links":{"self":[{"href":"https:\/\/rosalistemr.de\/en\/wp-json\/wp\/v2\/tribe_events\/391","targetHints":{"allow":["GET"]}}],"collection":[{"href":"https:\/\/rosalistemr.de\/en\/wp-json\/wp\/v2\/tribe_events"}],"about":[{"href":"https:\/\/rosalistemr.de\/en\/wp-json\/wp\/v2\/types\/tribe_events"}],"author":[{"embeddable":true,"href":"https:\/\/rosalistemr.de\/en\/wp-json\/wp\/v2\/users\/4"}],"version-history":[{"count":2,"href":"https:\/\/rosalistemr.de\/en\/wp-json\/wp\/v2\/tribe_events\/391\/revisions"}],"predecessor-version":[{"id":396,"href":"https:\/\/rosalistemr.de\/en\/wp-json\/wp\/v2\/tribe_events\/391\/revisions\/396"}],"wp:featuredmedia":[{"embeddable":true,"href":"https:\/\/rosalistemr.de\/en\/wp-json\/wp\/v2\/media\/384"}],"wp:attachment":[{"href":"https:\/\/rosalistemr.de\/en\/wp-json\/wp\/v2\/media?parent=391"}],"wp:term":[{"taxonomy":"post_tag","embeddable":true,"href":"https:\/\/rosalistemr.de\/en\/wp-json\/wp\/v2\/tags?post=391"},{"taxonomy":"tribe_events_cat","embeddable":true,"href":"https:\/\/rosalistemr.de\/en\/wp-json\/wp\/v2\/tribe_events_cat?post=391"}],"curies":[{"name":"wp","href":"https:\/\/api.w.org\/{rel}","templated":true}]}}

<p>Leonie Plaar auch bekannt als „Frau Löwenherz“<br />
Meine Familie, die AFD und ich &#8211; Lesetour 25/26<br />
Donnerstag 20.11. 2025</p>
<p>Leonie ist queer, politische Aktivistin, Historikerin – und Tochter eines AfD-Mitglieds. Tatsächlich wählen fast alle ihrer nahen Verwandten die Alternative für Deutschland. Bis sie die Reißleine zog und den Kontakt abbrach, hat sie deren Radikalisierungsprozess also hautnah miterlebt. Sie hatte einen Platz in der ersten Reihe bei Gesprächen zwischen AfDler*innen, die dachten, sie wären unter sich. Über Jahre hinweg hat sie zugehört, analysiert, mitdiskutiert. Vor allem aber musste sie erleben, wie es sich anfühlt, wenn der eigene Vater Teil einer Bewegung wird, die sich gegen alle Werte richtet, die Leonie verkörpert.</p>
<p>Wie es ihr damit ergangen ist erzählt sie uns am Donnerstag den 20.11.2025 ab 20 Uhr in einer kostenlosen Lesung im Kleinen Tasch des Theater am Schwanhof in Marburg.</p>
<p class="prh-font-fort prh-font-lg prh-leading-relaxed font-regular">Theater am Schwanhof<br />
Am Schwanhof 68-72<br />
35037 Marburg</p>
<p>Einlass: 19:30 Uhr<br />
Beginn: 20:00 Uhr<br />
Eintritt frei</p>
<p>&nbsp;</p>
<p>&nbsp;</p>
<p>&nbsp;</p>

<p>Leonie Plaar auch bekannt als „Frau Löwenherz“ Meine Familie, die AFD und ich &#8211; Lesetour 25/26 Donnerstag 20.11. 2025 Leonie ist queer, politische Aktivistin, Historikerin – und Tochter eines AfD-Mitglieds. [&hellip;]</p>

Leonie Plaar auch bekannt als „Frau Löwenherz“ Meine Familie, die AFD und ich &#8211; Lesetour 25/26 Donnerstag 20.11. 2025 Leonie ist queer, politische Aktivistin, Historikerin – und Tochter eines AfD-Mitglieds. [&hellip;]
