{"id":147,"date":"2025-06-06T21:01:11","date_gmt":"2025-06-06T19:01:11","guid":{"rendered":"https:\/\/rosalistemr.de\/?page_id=147"},"modified":"2025-06-25T20:52:12","modified_gmt":"2025-06-25T18:52:12","slug":"wahlprogramm","status":"publish","type":"page","link":"https:\/\/rosalistemr.de\/en\/home\/hochschulwahlen-2025\/wahlprogramm\/","title":{"rendered":"Election program"},"content":{"rendered":"<div class=\"wp-block-uagb-inline-notice uagb-inline_notice__align-center uagb-block-cb2c12e3\" id=\"soziale-sicherheit-studium-dass-sich-alle-leisten-k\u00f6nnen\"><button class=\"uagb-notice-close-button\" type=\"button\" aria-label=\"Close\"><\/button><h4 class=\"uagb-notice-title\">Social security<br> ~ <br>Studies that everyone can afford!<\/h4><div class=\"uagb-notice-text\">\n<p class=\"has-text-align-left wp-block-paragraph\">\u2013 for a reduction in the requirements for BAF\u00f6G applications and the elimination of deadlines<\/p>\n\n\n\n<p class=\"has-text-align-left wp-block-paragraph\">\u2013 for more affordable student housing<\/p>\n\n\n\n<p class=\"has-text-align-left wp-block-paragraph\">\u2013 for support for international students searching for accommodation<\/p>\n\n\n\n<p class=\"has-text-align-left wp-block-paragraph\">\u2013 for affordable and vegan cafeteria food<\/p>\n<\/div><\/div>\n\n\n\n<div class=\"wp-block-uagb-inline-notice uagb-inline_notice__align-center uagb-block-349b233d\" id=\"zug\u00e4nglichkeit-zum-studium-gleiche-bedingungen-und-m\u00f6glichkeiten-f\u00fcr-alle\"><button class=\"uagb-notice-close-button\" type=\"button\" aria-label=\"Close\"><\/button><h4 class=\"uagb-notice-title\">Accessibility to education<br> ~ <br>Equal conditions and opportunities for all!<\/h4><div class=\"uagb-notice-text\">\n<p class=\"has-text-align-left wp-block-paragraph\">\u2013 for exam deregistration up to one day before the exam<\/p>\n\n\n\n<p class=\"has-text-align-left wp-block-paragraph\">\u2013 for more accessible teaching and learning content and courses that are more flexible<\/p>\n\n\n\n<p class=\"has-text-align-left wp-block-paragraph\">\u2013 for the abolition of compulsory attendance<\/p>\n\n\n\n<p class=\"has-text-align-left wp-block-paragraph\">\u2013 for the addition of mental and neurological illnesses to the reasons for hardship<br>Erkrankungen<\/p>\n<\/div><\/div>\n\n\n\n<div class=\"wp-block-uagb-inline-notice uagb-inline_notice__align-center uagb-block-0b59e618\" id=\"gegen-die-sparma\u00dfnahmen-f\u00fcr-den-erhalt-von-stellen-und-studieng\u00e4ngen\"><button class=\"uagb-notice-close-button\" type=\"button\" aria-label=\"Close\"><\/button><h4 class=\"uagb-notice-title\">Against the austerity measures<br> ~ <br>For the preservation of jobs and courses!<\/h4><div class=\"uagb-notice-text\">\n<p class=\"has-text-align-left wp-block-paragraph\">\u2013 for a university completely financed by the state<\/p>\n\n\n\n<p class=\"has-text-align-left wp-block-paragraph\">\u2013 for the preservation of degree programs with smaller amounts of students<\/p>\n\n\n\n<p class=\"has-text-align-left wp-block-paragraph\">\u2013 for a collective labor agreement for student assistants (TV-Stud) without cuts to jobs<\/p>\n\n\n\n<p class=\"has-text-align-left wp-block-paragraph\">\u2013 for the subsidization of the Language Center and free courses<\/p>\n<\/div><\/div>\n\n\n\n<div class=\"wp-block-uagb-inline-notice uagb-inline_notice__align-center uagb-block-29035b4e\" id=\"emanzipatorischer-asta-f\u00fcr-einen-allgemein-politisch-aktiven-asta\"><button class=\"uagb-notice-close-button\" type=\"button\" aria-label=\"Close\"><\/button><h4 class=\"uagb-notice-title\">Emancipatory ASTA<br> ~ <br>For a politically active AStA<\/h4><div class=\"uagb-notice-text\">\n<p class=\"has-text-align-left wp-block-paragraph\">\u2013 for the strengthening of anti-fascist work<\/p>\n\n\n\n<p class=\"has-text-align-left wp-block-paragraph\">\u2013 for the preservation of the autonomous departments<\/p>\n\n\n\n<p class=\"has-text-align-left wp-block-paragraph\">\u2013 for a student parliament as a place for political demands ~ not just for administration<\/p>\n<\/div><\/div>\n\n\n\n<div class=\"wp-block-uagb-inline-notice uagb-inline_notice__align-center uagb-block-4f42aa56\" id=\"widerst\u00e4ndig-gegen-queerfeindlichkeit-f\u00fcr-queere-kritische-feministische-klimapolitischeund-antirassistische-lehrinhalte\"><button class=\"uagb-notice-close-button\" type=\"button\" aria-label=\"Close\"><\/button><h4 class=\"uagb-notice-title\">Resisting queerphobia<br> ~ <br>For queer, critical, feminist, climate critical\nand anti-racist teaching content!<\/h4><div class=\"uagb-notice-text\">\n<p class=\"has-text-align-left wp-block-paragraph\">\u2013 for the expansion of the anti-discrimination office<\/p>\n\n\n\n<p class=\"has-text-align-left wp-block-paragraph\">\u2013 for more (accessible!) all-gender toilets<\/p>\n\n\n\n<p class=\"has-text-align-left wp-block-paragraph\">\u2013 for free period products, including outside of \u201cwomen's\u201d toilets<\/p>\n<\/div><\/div>\n\n\n\n<p class=\"wp-block-paragraph\"><\/p>","protected":false},"excerpt":{"rendered":"","protected":false},"author":4,"featured_media":0,"parent":201,"menu_order":0,"comment_status":"closed","ping_status":"closed","template":"","meta":{"_crdt_document":"","_uag_custom_page_level_css":"","footnotes":""},"class_list":["post-147","page","type-page","status-publish","hentry"],"uagb_featured_image_src":{"full":false,"thumbnail":false,"medium":false,"medium_large":false,"large":false,"1536x1536":false,"2048x2048":false,"trp-custom-language-flag":false,"post-thumbnail":false,"twentytwenty-fullscreen":false},"uagb_author_info":{"display_name":"Viktoria Ehrke","author_link":"https:\/\/rosalistemr.de\/en\/author\/vi\/"},"uagb_comment_info":0,"uagb_excerpt":null,"_links":{"self":[{"href":"https:\/\/rosalistemr.de\/en\/wp-json\/wp\/v2\/pages\/147","targetHints":{"allow":["GET"]}}],"collection":[{"href":"https:\/\/rosalistemr.de\/en\/wp-json\/wp\/v2\/pages"}],"about":[{"href":"https:\/\/rosalistemr.de\/en\/wp-json\/wp\/v2\/types\/page"}],"author":[{"embeddable":true,"href":"https:\/\/rosalistemr.de\/en\/wp-json\/wp\/v2\/users\/4"}],"replies":[{"embeddable":true,"href":"https:\/\/rosalistemr.de\/en\/wp-json\/wp\/v2\/comments?post=147"}],"version-history":[{"count":22,"href":"https:\/\/rosalistemr.de\/en\/wp-json\/wp\/v2\/pages\/147\/revisions"}],"predecessor-version":[{"id":342,"href":"https:\/\/rosalistemr.de\/en\/wp-json\/wp\/v2\/pages\/147\/revisions\/342"}],"up":[{"embeddable":true,"href":"https:\/\/rosalistemr.de\/en\/wp-json\/wp\/v2\/pages\/201"}],"wp:attachment":[{"href":"https:\/\/rosalistemr.de\/en\/wp-json\/wp\/v2\/media?parent=147"}],"curies":[{"name":"wp","href":"https:\/\/api.w.org\/{rel}","templated":true}]}}

<div class="wp-block-uagb-inline-notice uagb-inline_notice__align-center uagb-block-cb2c12e3" id="soziale-sicherheit-studium-dass-sich-alle-leisten-können"><button class="uagb-notice-close-button" type="button" aria-label="Close"></button><h4 class="uagb-notice-title">Social security<br> ~ <br>Studies that everyone can afford!</h4><div class="uagb-notice-text">
<p class="has-text-align-left wp-block-paragraph">– for a reduction in the requirements for BAFöG applications and the elimination of deadlines</p>



<p class="has-text-align-left wp-block-paragraph">– for more affordable student housing</p>



<p class="has-text-align-left wp-block-paragraph">– for support for international students searching for accommodation</p>



<p class="has-text-align-left wp-block-paragraph">– for affordable and vegan cafeteria food</p>
</div></div>



<div class="wp-block-uagb-inline-notice uagb-inline_notice__align-center uagb-block-349b233d" id="zugänglichkeit-zum-studium-gleiche-bedingungen-und-möglichkeiten-für-alle"><button class="uagb-notice-close-button" type="button" aria-label="Close"></button><h4 class="uagb-notice-title">Accessibility to education<br> ~ <br>Equal conditions and opportunities for all!</h4><div class="uagb-notice-text">
<p class="has-text-align-left wp-block-paragraph">– for exam deregistration up to one day before the exam</p>



<p class="has-text-align-left wp-block-paragraph">– for more accessible teaching and learning content and courses that are more flexible</p>



<p class="has-text-align-left wp-block-paragraph">– for the abolition of compulsory attendance</p>



<p class="has-text-align-left wp-block-paragraph">– for the addition of mental and neurological illnesses to the reasons for hardship<br>Erkrankungen</p>
</div></div>



<div class="wp-block-uagb-inline-notice uagb-inline_notice__align-center uagb-block-0b59e618" id="gegen-die-sparmaßnahmen-für-den-erhalt-von-stellen-und-studiengängen"><button class="uagb-notice-close-button" type="button" aria-label="Close"></button><h4 class="uagb-notice-title">Against the austerity measures<br> ~ <br>For the preservation of jobs and courses!</h4><div class="uagb-notice-text">
<p class="has-text-align-left wp-block-paragraph">– for a university completely financed by the state</p>



<p class="has-text-align-left wp-block-paragraph">– for the preservation of degree programs with smaller amounts of students</p>



<p class="has-text-align-left wp-block-paragraph">– for a collective labor agreement for student assistants (TV-Stud) without cuts to jobs</p>



<p class="has-text-align-left wp-block-paragraph">– for the subsidization of the Language Center and free courses</p>
</div></div>



<div class="wp-block-uagb-inline-notice uagb-inline_notice__align-center uagb-block-29035b4e" id="emanzipatorischer-asta-für-einen-allgemein-politisch-aktiven-asta"><button class="uagb-notice-close-button" type="button" aria-label="Close"></button><h4 class="uagb-notice-title">Emancipatory ASTA<br> ~ <br>For a politically active AStA</h4><div class="uagb-notice-text">
<p class="has-text-align-left wp-block-paragraph">– for the strengthening of anti-fascist work</p>



<p class="has-text-align-left wp-block-paragraph">– for the preservation of the autonomous departments</p>



<p class="has-text-align-left wp-block-paragraph">– for a student parliament as a place for political demands ~ not just for administration</p>
</div></div>



<div class="wp-block-uagb-inline-notice uagb-inline_notice__align-center uagb-block-4f42aa56" id="widerständig-gegen-queerfeindlichkeit-für-queere-kritische-feministische-klimapolitischeund-antirassistische-lehrinhalte"><button class="uagb-notice-close-button" type="button" aria-label="Close"></button><h4 class="uagb-notice-title">Resisting queerphobia<br> ~ <br>For queer, critical, feminist, climate critical
and anti-racist teaching content!</h4><div class="uagb-notice-text">
<p class="has-text-align-left wp-block-paragraph">– for the expansion of the anti-discrimination office</p>



<p class="has-text-align-left wp-block-paragraph">– for more (accessible!) all-gender toilets</p>



<p class="has-text-align-left wp-block-paragraph">– for free period products, including outside of “women's” toilets</p>
</div></div>



<p class="wp-block-paragraph"></p>
